{"id":11,"date":"2023-07-04T21:46:03","date_gmt":"2023-07-04T19:46:03","guid":{"rendered":"https:\/\/baretoustrail.com\/?page_id=11"},"modified":"2023-07-25T21:23:08","modified_gmt":"2023-07-25T19:23:08","slug":"soum-de-casteigt-9km","status":"publish","type":"page","link":"https:\/\/baretoustrail.com\/?page_id=11","title":{"rendered":"Soum de Casteigt (9km)"},"content":{"rendered":"\n<div class=\"wp-block-cover alignfull is-light\"><span aria-hidden=\"true\" class=\"wp-block-cover__background has-background-dim-100 has-background-dim has-background-gradient\" style=\"background:linear-gradient(14deg,rgb(249,233,188) 0%,rgb(222,196,48) 100%)\"><\/span><div class=\"wp-block-cover__inner-container is-layout-flow wp-block-cover-is-layout-flow\">\n<div class=\"wp-block-group alignfull\" style=\"margin-bottom:0;padding-top:6vw;padding-right:6vw;padding-bottom:6vw;padding-left:6vw\"><div class=\"wp-block-group__inner-container is-layout-constrained wp-container-core-group-is-layout-e56252a7 wp-block-group-is-layout-constrained\">\n<p class=\"has-black-color has-text-color has-large-font-size\">\u00ab\u00a0N&rsquo;y vas pas par 4 chemins\u00a0\u00bb<\/p>\n\n\n\n<div class=\"wp-block-group is-nowrap is-layout-flex wp-container-core-group-is-layout-ad2f72ca wp-block-group-is-layout-flex\">\n<div class=\"wp-block-columns is-layout-flex wp-container-core-columns-is-layout-9d6595d7 wp-block-columns-is-layout-flex\">\n<div class=\"wp-block-column is-layout-flow wp-block-column-is-layout-flow\">\n<figure class=\"wp-block-image size-full\"><img loading=\"lazy\" decoding=\"async\" width=\"960\" height=\"720\" src=\"http:\/\/baretoustrail.com\/wp-content\/uploads\/2023\/07\/Image-site-3.jpg\" alt=\"\" class=\"wp-image-302\" srcset=\"https:\/\/baretoustrail.com\/wp-content\/uploads\/2023\/07\/Image-site-3.jpg 960w, https:\/\/baretoustrail.com\/wp-content\/uploads\/2023\/07\/Image-site-3-300x225.jpg 300w, https:\/\/baretoustrail.com\/wp-content\/uploads\/2023\/07\/Image-site-3-768x576.jpg 768w\" sizes=\"auto, (max-width: 960px) 100vw, 960px\" \/><\/figure>\n<\/div>\n\n\n\n<div class=\"wp-block-column is-layout-flow wp-block-column-is-layout-flow\">\n<p>Court, intense, tu seras rentr\u00e9 \u00e0 l&rsquo;heure pour le r\u00f4ti de veau de maman !! N&rsquo;oublies pas de tendre la joue lorsqu&rsquo;un flamand rose s&rsquo;approchera de toi<\/p>\n<\/div>\n<\/div>\n<\/div>\n\n\n<div class=\"wp-block-image\">\n<figure class=\"alignleft size-full is-resized\"><img loading=\"lazy\" decoding=\"async\" src=\"http:\/\/baretoustrail.com\/wp-content\/uploads\/2023\/07\/Image-site-4.jpg\" alt=\"\" class=\"wp-image-303\" width=\"363\" height=\"242\" srcset=\"https:\/\/baretoustrail.com\/wp-content\/uploads\/2023\/07\/Image-site-4.jpg 720w, https:\/\/baretoustrail.com\/wp-content\/uploads\/2023\/07\/Image-site-4-300x200.jpg 300w\" sizes=\"auto, (max-width: 363px) 100vw, 363px\" \/><\/figure>\n<\/div>\n\n\n<p class=\"has-large-font-size\">9km    250m+    <\/p>\n\n\n\n<p class=\"has-large-font-size\">2 ravito  <\/p>\n\n\n\n<div class=\"wp-block-buttons is-content-justification-center is-layout-flex wp-container-core-buttons-is-layout-16018d1d wp-block-buttons-is-layout-flex\">\n<div class=\"wp-block-button\"><a class=\"wp-block-button__link wp-element-button\" href=\"https:\/\/pyreneeschrono.fr\/evenement\/trail-vetathlon-du-baretous\/\" target=\"_blank\" rel=\"noreferrer noopener\">INSCRIPTIONS<\/a><\/div>\n<\/div>\n\n\n<div class=\"wp-block-image\">\n<figure class=\"alignleft size-large is-resized\"><img loading=\"lazy\" decoding=\"async\" src=\"http:\/\/baretoustrail.com\/wp-content\/uploads\/2023\/07\/Baretous-10-1024x293.jpg\" alt=\"\" class=\"wp-image-305\" width=\"843\" height=\"241\" srcset=\"https:\/\/baretoustrail.com\/wp-content\/uploads\/2023\/07\/Baretous-10-1024x293.jpg 1024w, https:\/\/baretoustrail.com\/wp-content\/uploads\/2023\/07\/Baretous-10-300x86.jpg 300w, https:\/\/baretoustrail.com\/wp-content\/uploads\/2023\/07\/Baretous-10-768x220.jpg 768w, https:\/\/baretoustrail.com\/wp-content\/uploads\/2023\/07\/Baretous-10-1536x439.jpg 1536w, https:\/\/baretoustrail.com\/wp-content\/uploads\/2023\/07\/Baretous-10-2048x586.jpg 2048w\" sizes=\"auto, (max-width: 843px) 100vw, 843px\" \/><\/figure>\n<\/div>\n\n\n<div style=\"height:10px\" aria-hidden=\"true\" class=\"wp-block-spacer\"><\/div>\n\n\n<div class=\"wp-block-image\">\n<figure class=\"alignleft size-large is-resized\"><img loading=\"lazy\" decoding=\"async\" src=\"http:\/\/baretoustrail.com\/wp-content\/uploads\/2023\/07\/Profil-9km-1024x256.jpg\" alt=\"\" class=\"wp-image-310\" width=\"842\" height=\"211\" srcset=\"https:\/\/baretoustrail.com\/wp-content\/uploads\/2023\/07\/Profil-9km-1024x256.jpg 1024w, https:\/\/baretoustrail.com\/wp-content\/uploads\/2023\/07\/Profil-9km-300x75.jpg 300w, https:\/\/baretoustrail.com\/wp-content\/uploads\/2023\/07\/Profil-9km-768x192.jpg 768w, https:\/\/baretoustrail.com\/wp-content\/uploads\/2023\/07\/Profil-9km-1536x384.jpg 1536w, https:\/\/baretoustrail.com\/wp-content\/uploads\/2023\/07\/Profil-9km.jpg 1800w\" sizes=\"auto, (max-width: 842px) 100vw, 842px\" \/><\/figure>\n<\/div>\n\n\n<p><\/p>\n\n\n\n<div style=\"height:100px\" aria-hidden=\"true\" class=\"wp-block-spacer\"><\/div>\n<\/div><\/div>\n<\/div><\/div>\n","protected":false},"excerpt":{"rendered":"","protected":false},"author":1,"featured_media":0,"parent":0,"menu_order":0,"comment_status":"closed","ping_status":"closed","template":"","meta":{"footnotes":""},"class_list":["post-11","page","type-page","status-publish","hentry","entry"],"_links":{"self":[{"href":"https:\/\/baretoustrail.com\/index.php?rest_route=\/wp\/v2\/pages\/11","targetHints":{"allow":["GET"]}}],"collection":[{"href":"https:\/\/baretoustrail.com\/index.php?rest_route=\/wp\/v2\/pages"}],"about":[{"href":"https:\/\/baretoustrail.com\/index.php?rest_route=\/wp\/v2\/types\/page"}],"author":[{"embeddable":true,"href":"https:\/\/baretoustrail.com\/index.php?rest_route=\/wp\/v2\/users\/1"}],"replies":[{"embeddable":true,"href":"https:\/\/baretoustrail.com\/index.php?rest_route=%2Fwp%2Fv2%2Fcomments&post=11"}],"version-history":[{"count":23,"href":"https:\/\/baretoustrail.com\/index.php?rest_route=\/wp\/v2\/pages\/11\/revisions"}],"predecessor-version":[{"id":458,"href":"https:\/\/baretoustrail.com\/index.php?rest_route=\/wp\/v2\/pages\/11\/revisions\/458"}],"wp:attachment":[{"href":"https:\/\/baretoustrail.com\/index.php?rest_route=%2Fwp%2Fv2%2Fmedia&parent=11"}],"curies":[{"name":"wp","href":"https:\/\/api.w.org\/{rel}","templated":true}]}}